{"version":"1.0","provider_name":"Az \u00e9let \u00e9s az igazs\u00e1g nev\u00e9ben.","provider_url":"https:\/\/miepamagyarokert.cafeblog.hu","author_name":"paradiseangelica","author_url":"https:\/\/miepamagyarokert.cafeblog.hu\/author\/paradiseangelica\/","title":"K\u00d6ZLEM\u00c9NY","html":"<p><b>A Magyar Igazs\u00e1g \u00e9s \u00c9let P\u00e1rtja a 2018-as orsz\u00e1ggy\u0171l\u00e9si v\u00e1laszt\u00e1sokon 14.775 szavazattal a legnagyobb parlamenten k\u00edv\u00fcli nemzeti p\u00e1rtt\u00e1 v\u00e1lt.<\/b><\/p>\r\n<p><a href=\"https:\/\/miepamagyarokert.cafeblog.hu\/files\/2018\/04\/30516751_1303363483098384_7785824724579254272_n.jpg\"><img class=\"alignnone size-medium wp-image-556\" src=\"https:\/\/miepamagyarokert.cafeblog.hu\/files\/2018\/04\/30516751_1303363483098384_7785824724579254272_n-300x225.jpg\" alt=\"\" width=\"300\" height=\"225\" \/><\/a><\/p>\r\n<p class=\"wnd-align-justify\"><span class=\"wnd-font-size-110\"><b>A n\u00e9gy \u00e9vvel kor\u00e1bbi eredm\u00e9nyek megt\u00edzszerez\u00e9se \u00f6sszef\u00fcgg\u00e9sben van a p\u00e1rt szerkezet\u00e9ben t\u00f6rt\u00e9nt v\u00e1ltoz\u00e1sokkal, a kilenc h\u00f3nappal kor\u00e1bban t\u00f6rt\u00e9nt eln\u00f6kv\u00e1lt\u00e1ssal \u00e9s a nosztalgiap\u00e1rtb\u00f3l akt\u00edv politiz\u00e1l\u00f3, \u00e9rdekk\u00e9pvisel\u0151 p\u00e1rtt\u00e1 alakul\u00e1ssal. Ugyanakkor nem lehet\u00fcnk el\u00e9gedettek ezzel az eredm\u00e9nnyel, mert a nemzetront\u00f3 er\u0151k, mint a K\u00e1d\u00e1r-diktat\u00fara \u00e1llamp\u00e1rtj\u00e1nak jogut\u00f3dja, az MSZP \u00e9s szatellit-p\u00e1rtjai, DK, Egy\u00fctt, stb., valamint az elm\u00falt \u00e9vekben Soros Gy\u00f6rgy p\u00e9nz\u00e9n alakult nemzetpuszt\u00edt\u00f3 p\u00e1rtok, a Momentum, LMP \u00e9s t\u00e1rsaik a bel\u00e9j\u00fck fektetett m\u00e9rhetetlen p\u00e9nz r\u00e9v\u00e9n t\u00fals\u00e1gosan meger\u0151s\u00f6dtek, \u00e9s ez k\u00f6zvetlen fenyeget\u00e9st jelentenek a Magyar Nemzetre.<\/b><\/span><\/p>\r\n<p class=\"wnd-align-justify\"><span class=\"wnd-font-size-110\"><b>A Fidesz-KDNP, Jobbik, MSZP, LMP, DK \u00e9s t\u00e1rsaik, tucatnyin\u00e1l kevesebb p\u00e1rtb\u00f3l \u00e1ll\u00f3 politikai elitet k\u00e9peznek, az orsz\u00e1g minden er\u0151forr\u00e1s\u00e1t uralj\u00e1k, \u00e9s egys\u00e9gesen l\u00e9pnek f\u00f6l a parlamenten k\u00edv\u00fcli er\u0151k kiszor\u00edt\u00e1s\u00e1\u00e9rt. Liber\u00e1lis kartellben m\u0171k\u00f6dik a jobb-bal sz\u00f6vets\u00e9g a nemzeti radikalizmus kiszor\u00edt\u00e1sa \u00e9rdek\u00e9ben. A Magyar Igazs\u00e1g \u00e9s \u00c9let P\u00e1rtja a parlamenten k\u00edv\u00fcli nemzeti p\u00e1rtok sz\u00f3sz\u00f3l\u00f3jak\u00e9nt k\u00f6veteli az igazs\u00e1gtalan v\u00e1laszt\u00e1si felt\u00e9telek \u00e9s a tot\u00e1lis m\u00e9diacenz\u00fara felsz\u00e1mol\u00e1s\u00e1t. Az elm\u00falt nyolc \u00e9vben a MI\u00c9P-nek \u00f6sszesen \u00f6t perc jutott a Magyar Telev\u00edzi\u00f3ban, \u00e9s ugyanennyi a k\u00f6zszolg\u00e1lati r\u00e1di\u00f3ban, mik\u00f6zben a bev\u00e1ndorl\u00e1sp\u00e1rti nemzetfelsz\u00e1mol\u00f3 er\u0151k rendezv\u00e9nyeir\u0151l gyakran \u00e9l\u0151 k\u00f6zvet\u00edt\u00e9sben sz\u00e1molt be a m\u00e9dia, \u00e9s jel\u00f6ltjeik napi rendszeress\u00e9ggel jelentek meg a st\u00fadi\u00f3kban. Az es\u00e9lyegyenl\u0151tlens\u00e9g ar\u00e1nyait tekintve sz\u00e1zezres \u00e9s milli\u00f3s nagys\u00e1grendben m\u00e9rhet\u0151 a mesters\u00e9gesen l\u00e9trehozott sz\u00e1zal\u00e9kbeli k\u00fcl\u00f6nbs\u00e9g, ami jelzi a m\u00e9diaviszonyok kiegyens\u00falyozatlans\u00e1g\u00e1t, a napi gyakorlatt\u00e1 v\u00e1lt t\u00f6rv\u00e9nytelens\u00e9get \u00e9s igazs\u00e1gtalans\u00e1got. A MI\u00c9P m\u00e9diakutat\u00f3 csoportja m\u00e1r dolgozik az ar\u00e1nytalans\u00e1g pontos kimutat\u00e1s\u00e1n, miut\u00e1n a k\u00f6zp\u00e9nzb\u0151l fenntartott int\u00e9zm\u00e9nyek ezt a feladatot elmulasztj\u00e1k, \u00e9s a t\u00e9nyleges okokat \u00e9vek \u00f3ta sz\u0151nyeg al\u00e1 s\u00f6prik, feladva a p\u00e1rtatlans\u00e1g, f\u00fcggetlens\u00e9g \u00e9s kiegyens\u00falyozotts\u00e1g t\u00f6rv\u00e9nyben meghat\u00e1rozott k\u00f6vetelm\u00e9nyeit.<\/b><\/span><\/p>\r\n<p class=\"wnd-align-justify\"><span class=\"wnd-font-size-110\"><b>A Magyar Igazs\u00e1g \u00e9s \u00c9let P\u00e1rtja a 2014-es eredm\u00e9nyei megt\u00edzszerez\u00e9s\u00e9t \u00e9s legnagyobb parlamenten k\u00edv\u00fcli nemzeti p\u00e1rtt\u00e1 v\u00e1l\u00e1s\u00e1t annak k\u00f6sz\u00f6nheti, hogy a kamp\u00e1ny sor\u00e1n k\u00fcl\u00f6n\u00f6s figyelmet ford\u00edtott a pusztul\u00f3 vid\u00e9kre, \u00e9s hangot adott a falurombol\u00e1s meg\u00e1ll\u00edt\u00e1s\u00e1nak, tov\u00e1bb\u00e1 kezdem\u00e9nyezte a k\u00f6z\u00f6s \u00e9rdek\u00e9rv\u00e9nyes\u00edt\u00e9st, a kistelep\u00fcl\u00e9sek \u00f6nkorm\u00e1nyzatainak \u00f6sszefog\u00e1s\u00e1t. Ennek nyom\u00e1n Nagy Tibor tiszaeszl\u00e1ri polg\u00e1rmester, a MI\u00c9P eln\u00f6ke levelet kapott Orb\u00e1n Viktor minisztereln\u00f6kt\u0151l, melyben azt \u00edrja:\u00a0<em>\"A v\u00e1laszt\u00e1si kamp\u00e1ny sor\u00e1n egyes politikai p\u00e1rtok olyan r\u00e9mh\u00edreket terjesztenek, hogy a korm\u00e1ny a kistelep\u00fcl\u00e9si \u00f6nkorm\u00e1nyzatok megsz\u00fcntet\u00e9s\u00e9re k\u00e9sz\u00fcl. Ez \u00e1lh\u00edr, \u00e9s egy\u00e1ltal\u00e1n nem felel meg a val\u00f3s\u00e1gnak. Szem\u00e9lyesen is fontosnak tartom, hogy minden kistelep\u00fcl\u00e9s meg\u0151rizze az \u00f6n\u00e1ll\u00f3s\u00e1g\u00e1t. Ezt t\u00e1mogattam eddig is, \u00e9s ezt fogom t\u00e1mogatni a j\u00f6v\u0151ben is.\"<\/em>\u00a0Ezt a szem\u00e9lyes hang\u00fa levelet a minisztereln\u00f6k al\u00e1\u00edr\u00e1s\u00e1val t\u00e9nyleges \u00edg\u00e9retnek vessz\u00fck az elmozdul\u00e1shoz, a vid\u00e9kpuszt\u00edt\u00e1s meg\u00e1ll\u00edt\u00e1s\u00e1hoz, a m\u00e9rhetetlen es\u00e9lyegyenl\u0151tlens\u00e9g cs\u00f6kkent\u00e9s\u00e9hez.<\/b><\/span><\/p>\r\n<p class=\"wnd-align-justify\"><span class=\"wnd-font-size-110\"><b>Ahogy a MI\u00c9P negyed \u00e9vsz\u00e1zad alatt t\u00f6rt\u00e9nelmi p\u00e1rtt\u00e1 tudott v\u00e1lni, mert betagoz\u00f3dott a Magyars\u00e1g f\u00e9lezer \u00e9ves szabads\u00e1gk\u00fczdelm\u00e9be a Hunyadiak, Zr\u00ednyiek, R\u00e1k\u00f3cziak, Kossuth, az 1920-as \u00e9s 1956-os nemzetment\u0151k k\u00fczdelm\u00e9be, \u00e9s korunkban a Magyar Nemzet hossz\u00fa t\u00e1v\u00fa alap\u00e9rdekeit egyed\u00fclik\u00e9nt fogalmazta meg programj\u00e1ban, \u00fagy a j\u00f6v\u0151ben is a politika alak\u00edt\u00f3jak\u00e9nt t\u00f6rekszik a politika f\u00f6l\u00f6tti nemzeti \u00e9rdekk\u00e9pviseletre. A v\u00e1laszt\u00e1sokon t\u00f6bb mint \u00f6tven p\u00e1rt, d\u00f6nt\u0151 r\u00e9szben nemzeti gondolatokkal tagolta sz\u00e9t a parlamenten k\u00edv\u00fcli er\u0151ket. A MI\u00c9P minden r\u00e9sztvev\u0151 sz\u00e1m\u00e1ra javasolja a k\u00f6vetkeztet\u00e9s levon\u00e1s\u00e1t \u00e9s az er\u0151k egyes\u00edt\u00e9s\u00e9t. Nyilv\u00e1nval\u00f3, hogy nincs sz\u00fcks\u00e9g t\u00f6bb sz\u00e1z eredm\u00e9nytelen p\u00e1rtra, \u00e9s a sz\u00e1mokb\u00f3l az is kider\u00fcl, ha a kis-p\u00e1rtok\u00a0feladj\u00e1k \u00f6nz\u00e9s\u00fcket, egy\u00fctt k\u00e9pesek olyan er\u0151vel fell\u00e9pni, amely a m\u00e1r ma is a legnagyobb p\u00e1rtok tucatnyi \u00e9lbolyba tartoz\u00f3 MI\u00c9P-en kereszt\u00fcl orsz\u00e1gosan bele tud sz\u00f3lni a Nemzet \u00fcgyeibe.<\/b><\/span><\/p>\r\n<p class=\"wnd-align-justify\"><span class=\"wnd-font-size-110\"><b>Hossz\u00fa az \u00fat a nemzeti sors alak\u00edt\u00e1s\u00e1ig, \u00e1m ebben a k\u00fczdelemben nem f\u00e1radhatunk el. A kamp\u00e1ny sor\u00e1n v\u00e1llalt emberf\u00f6l\u00f6tti munk\u00e1\u00e9rt tagjainknak, aktivist\u00e1inknak \u00e9s seg\u00edt\u0151inknek, mindenek el\u0151tt v\u00e1laszt\u00f3inknak k\u00f6sz\u00f6netet mondva most azokat a v\u00e1laszt\u00f3polg\u00e1rokat sz\u00f3l\u00edtjuk meg, akik eddig ezerf\u00e9le \u00faton rem\u00e9nykedtek a v\u00e1ltoz\u00e1sban. A v\u00e1ltoz\u00e1s akkor kezd\u0151dik majd el, ha a nemzeti er\u0151k egy p\u00e1rtot, egy telev\u00edzi\u00f3t, egy \u00fajs\u00e1got, egy n\u00e9pakad\u00e9mi\u00e1t, egy magyar k\u00f6r orsz\u00e1gos h\u00e1l\u00f3zatot fognak t\u00e1mogatni. Mindenkit k\u00e9r\u00fcnk a csatlakoz\u00e1sra, Nemzet\u00fcnk felemel\u00e9s\u00e9re. Az eredm\u00e9nyek ismeret\u00e9ben annak \u00f6r\u00fclj\u00fcnk, hogy a legpuszt\u00edt\u00f3bb nemzetellenes er\u0151k \u00e9s a felel\u0151tlen haszonkeres\u0151k nem jutottak korm\u00e1nyzati poz\u00edci\u00f3ba, \u00edgy a tov\u00e1bbiakban is hiteltelens\u00e9g\u00fck felmutat\u00e1sa, szavaz\u00f3ik megvil\u00e1gos\u00edt\u00e1sa \u00e9s a nemzeti szavaz\u00f3t\u00e1bor b\u0151v\u00edt\u00e9se a legfontosabb feladatunk.<\/b><\/span><\/p>\r\n<p class=\"wnd-align-left\"><span class=\"wnd-font-size-110\"><b>\u00a0 \u00a0 \u00a0 \u00a0 \u00a0 \u00a0 \u00a0 Isten \u00f3vja Magyarorsz\u00e1got!<\/b><\/span><\/p>\r\n<p class=\"wnd-align-left\"><span class=\"wnd-font-size-110\"><b>\u00a0 \u00a0 \u00a0 \u00a0 \u00a0 \u00a0 \u00a0 \u00a0 \u00a0 \u00a0 \u00a0 \u00a0 \u00a0 \u00a0Tiszaeszl\u00e1r, 2018. \u00e1prilis 9-\u00e9n.<\/b><\/span><\/p>\r\n<p>&nbsp;<\/p>\r\n<p>&nbsp;<\/p>\r\n<p>&nbsp;<\/p>\r\n<p>&nbsp;<\/p>\r\n<p>&nbsp;<\/p>\r\n<p>&nbsp;<\/p>\r\n<p>&nbsp;<\/p>\r\n<p>&nbsp;<\/p>","type":"rich","thumbnail_url":"https:\/\/miepamagyarokert.cafeblog.hu\/files\/2018\/04\/30516751_1303363483098384_7785824724579254272_n-150x150.jpg","thumbnail_width":150,"thumbnail_height":150}

Az élet és az igazság nevében.

KÖZLEMÉNY

<p><b>A Magyar Igazság és Élet Pártja a 2018-as országgyűlési választásokon 14.775 szavazattal a legnagyobb parlamenten kívüli nemzeti párttá vált.</b></p>
<p><a href="https://miepamagyarokert.cafeblog.hu/files/2018/04/30516751_1303363483098384_7785824724579254272_n.jpg"><img class="alignnone size-medium wp-image-556" src="https://miepamagyarokert.cafeblog.hu/files/2018/04/30516751_1303363483098384_7785824724579254272_n-300x225.jpg" alt="" width="300" height="225" /></a></p>
<p class="wnd-align-justify"><span class="wnd-font-size-110"><b>A négy évvel korábbi eredmények megtízszerezése összefüggésben van a párt szerkezetében történt változásokkal, a kilenc hónappal korábban történt elnökváltással és a nosztalgiapártból aktív politizáló, érdekképviselő párttá alakulással. Ugyanakkor nem lehetünk elégedettek ezzel az eredménnyel, mert a nemzetrontó erők, mint a Kádár-diktatúra állampártjának jogutódja, az MSZP és szatellit-pártjai, DK, Együtt, stb., valamint az elmúlt években Soros György pénzén alakult nemzetpusztító pártok, a Momentum, LMP és társaik a beléjük fektetett mérhetetlen pénz révén túlságosan megerősödtek, és ez közvetlen fenyegetést jelentenek a Magyar Nemzetre.</b></span></p>
<p class="wnd-align-justify"><span class="wnd-font-size-110"><b>A Fidesz-KDNP, Jobbik, MSZP, LMP, DK és társaik, tucatnyinál kevesebb pártból álló politikai elitet képeznek, az ország minden erőforrását uralják, és egységesen lépnek föl a parlamenten kívüli erők kiszorításáért. Liberális kartellben működik a jobb-bal szövetség a nemzeti radikalizmus kiszorítása érdekében. A Magyar Igazság és Élet Pártja a parlamenten kívüli nemzeti pártok szószólójaként követeli az igazságtalan választási feltételek és a totális médiacenzúra felszámolását. Az elmúlt nyolc évben a MIÉP-nek összesen öt perc jutott a Magyar Televízióban, és ugyanennyi a közszolgálati rádióban, miközben a bevándorláspárti nemzetfelszámoló erők rendezvényeiről gyakran élő közvetítésben számolt be a média, és jelöltjeik napi rendszerességgel jelentek meg a stúdiókban. Az esélyegyenlőtlenség arányait tekintve százezres és milliós nagyságrendben mérhető a mesterségesen létrehozott százalékbeli különbség, ami jelzi a médiaviszonyok kiegyensúlyozatlanságát, a napi gyakorlattá vált törvénytelenséget és igazságtalanságot. A MIÉP médiakutató csoportja már dolgozik az aránytalanság pontos kimutatásán, miután a közpénzből fenntartott intézmények ezt a feladatot elmulasztják, és a tényleges okokat évek óta szőnyeg alá söprik, feladva a pártatlanság, függetlenség és kiegyensúlyozottság törvényben meghatározott követelményeit.</b></span></p>
<p class="wnd-align-justify"><span class="wnd-font-size-110"><b>A Magyar Igazság és Élet Pártja a 2014-es eredményei megtízszerezését és legnagyobb parlamenten kívüli nemzeti párttá válását annak köszönheti, hogy a kampány során különös figyelmet fordított a pusztuló vidékre, és hangot adott a falurombolás megállításának, továbbá kezdeményezte a közös érdekérvényesítést, a kistelepülések önkormányzatainak összefogását. Ennek nyomán Nagy Tibor tiszaeszlári polgármester, a MIÉP elnöke levelet kapott Orbán Viktor miniszterelnöktől, melyben azt írja: <em>"A választási kampány során egyes politikai pártok olyan rémhíreket terjesztenek, hogy a kormány a kistelepülési önkormányzatok megszüntetésére készül. Ez álhír, és egyáltalán nem felel meg a valóságnak. Személyesen is fontosnak tartom, hogy minden kistelepülés megőrizze az önállóságát. Ezt támogattam eddig is, és ezt fogom támogatni a jövőben is."</em> Ezt a személyes hangú levelet a miniszterelnök aláírásával tényleges ígéretnek vesszük az elmozduláshoz, a vidékpusztítás megállításához, a mérhetetlen esélyegyenlőtlenség csökkentéséhez.</b></span></p>
<p class="wnd-align-justify"><span class="wnd-font-size-110"><b>Ahogy a MIÉP negyed évszázad alatt történelmi párttá tudott válni, mert betagozódott a Magyarság félezer éves szabadságküzdelmébe a Hunyadiak, Zrínyiek, Rákócziak, Kossuth, az 1920-as és 1956-os nemzetmentők küzdelmébe, és korunkban a Magyar Nemzet hosszú távú alapérdekeit egyedüliként fogalmazta meg programjában, úgy a jövőben is a politika alakítójaként törekszik a politika fölötti nemzeti érdekképviseletre. A választásokon több mint ötven párt, döntő részben nemzeti gondolatokkal tagolta szét a parlamenten kívüli erőket. A MIÉP minden résztvevő számára javasolja a következtetés levonását és az erők egyesítését. Nyilvánvaló, hogy nincs szükség több száz eredménytelen pártra, és a számokból az is kiderül, ha a kis-pártok feladják önzésüket, együtt képesek olyan erővel fellépni, amely a már ma is a legnagyobb pártok tucatnyi élbolyba tartozó MIÉP-en keresztül országosan bele tud szólni a Nemzet ügyeibe.</b></span></p>
<p class="wnd-align-justify"><span class="wnd-font-size-110"><b>Hosszú az út a nemzeti sors alakításáig, ám ebben a küzdelemben nem fáradhatunk el. A kampány során vállalt emberfölötti munkáért tagjainknak, aktivistáinknak és segítőinknek, mindenek előtt választóinknak köszönetet mondva most azokat a választópolgárokat szólítjuk meg, akik eddig ezerféle úton reménykedtek a változásban. A változás akkor kezdődik majd el, ha a nemzeti erők egy pártot, egy televíziót, egy újságot, egy népakadémiát, egy magyar kör országos hálózatot fognak támogatni. Mindenkit kérünk a csatlakozásra, Nemzetünk felemelésére. Az eredmények ismeretében annak örüljünk, hogy a legpusztítóbb nemzetellenes erők és a felelőtlen haszonkeresők nem jutottak kormányzati pozícióba, így a továbbiakban is hiteltelenségük felmutatása, szavazóik megvilágosítása és a nemzeti szavazótábor bővítése a legfontosabb feladatunk.</b></span></p>
<p class="wnd-align-left"><span class="wnd-font-size-110"><b>              Isten óvja Magyarországot!</b></span></p>
<p class="wnd-align-left"><span class="wnd-font-size-110"><b>                           Tiszaeszlár, 2018. április 9-én.</b></span></p>
<p>&nbsp;</p>
<p>&nbsp;</p>
<p>&nbsp;</p>
<p>&nbsp;</p>
<p>&nbsp;</p>
<p>&nbsp;</p>
<p>&nbsp;</p>
<p>&nbsp;</p>
